 4. Suppose 13 = 5*o - 2. Suppose -22 = 4*h + o*m, -6*h + 2*h + 5*m = 6. Give b(h).
4
Suppose 0 = -4*j - j + 75. Suppose 3 = 3*f - j. Let k(c) = -c**2 + 8*c - 5. What is k(f)?
7
Let p(j) = j**3 + 13*j**2 - 4*j - 13. Let r(a) = a**2 - a. Let t(g) = -p(g) + 4*r(g). Calculate t(-9).
13
Let m(o) be the third derivative of o**6/720 + o**5/20 + o**4/8 + 9*o**2. Let p(g) be the second derivative of m(g). Determine p(6).
12
Let j(s) = 5*s - 1. Suppose 3*h + 6 = 0, 0*h + 8 = 3*k - h. Suppose k*o + 16 = 3*r, -5*o + 2*r = -2*r + 26. Calculate j(o).
-11
Suppose 4*d = p - 7, -3*p + 10 + 3 = -4*d. Suppose f - p*f = -4. Let v(i) = 0*i + 1 + 0*i + 0*i**2 - 9*i**f. Determine v(1).
-8
Let o(l) = -6*l + 23. Let i(h) = 3*h - 11. Let c(j) = -9*i(j) - 4*o(j). Give c(6).
-11
Let q(n) be the first derivative of 4*n - 1 + 1/2*n**2. Suppose -r = 3*f - 5, -8*f + 3*f - 3*r + 3 = 0. Determine q(f).
7
Suppose 4*u + 0*u = 32. Suppose -4*k = -4*h - u, 0*k - h = 5*k - 16. Let d = k - 5. Let p(c) = c**3 - c + 2. Calculate p(d).
-4
Let p(x) = -3*x + 3. Let g(j) = 2*j - 4. Let h(o) = -4*g(o) - 3*p(o). Calculate h(-6).
1
Let z(q) = -4*q**2 - 4*q + 17*q**3 - 10*q**3 - 9*q**3 - 2. Determine z(-2).
6
Let q(o) = o**2 + 2*o - 4. Suppose -3*p + 0*p + 15 = 0. Let l be (p - 3)*6/4. Determine q(l).
11
Let t(d) = -4 - 11 + 10 + d. What is t(0)?
-5
Let r(n) = -3*n + 14*n - 4*n - 8*n - 2. Let y = 1 - -1. What is r(y)?
-4
Let l(i) be the second derivative of -i**4/12 - i**3/2 + i**2 + i. Suppose -32 = 3*w + 5*m, -2 + 14 = 2*w - 5*m. Calculate l(w).
-2
Let s(r) = 2*r + 5*r - 3*r. Suppose 32*v = -17*v + 49. Determine s(v).
4
Let y(z) be the first derivative of -z**4/4 - z**3 + 3*z**2 + 4*z - 9. Let c(m) = m**2 - 4*m - 3. Let a be c(5). Let n be 2*(-1)/a - 3. What is y(n)?
-4
Suppose -5*f + 4 = 9. Let y(h) = 11*h**3 - 1. Calculate y(f).
-12
Let w(g) = -3*g**2 - 3*g + 5. Let v(c) = -4*c**2 - 2*c + 5. Let r(z) = 2*v(z) - 3*w(z). Determine r(-6).
1
Let h(w) = 10*w**3 + 6 - 5 + 0. What is h(1)?
11
Suppose -5*f - 2 = 5*g - 7, -g - 3 = 2*f. Let s(x) = -3*x - 2. Calculate s(f).
10
Let g(o) = -6*o - 4*o**2 - 2*o + 4*o + o**3. What is g(5)?
5
Let b be 9/(-12) + (-31)/(-4). Let z = b - 7. Suppose z = -q - 2*q - 18. Let o(y) = -y**3 - 7*y**2 - 7*y - 9. Calculate o(q).
-3
Let i(r) = r - 2. Suppose 10*n - 11*n = -2. Calculate i(n).
0
Let w = 5 - 3. Let n(f) = 3*f**w - 2 - 4*f**2 - 2*f + 5. Determine n(3).
-12
Let z(w) = 2*w**2 + 5*w - 1. Let s(j) = 3*j**2 + 4*j - 1. Let k(u) = -3*s(u) + 2*z(u). What is k(1)?
-6
Let r(o) = o**3 - 3*o**2 - 3*o + 4. Suppose -2*c - 2*k = -2, 2*k - 5*k = 15. Suppose 0 = -2*y + c*y - 16. Calculate r(y).
8
Let m(u) = u**3 + 3*u**2 - 5*u - 1. Let x(j) = -2*j - 12. Let q be x(-13). Let h = q - 18. Determine m(h).
3
Let u(k) = -14*k**2 + 2*k + 1. Let g(r) = r**2. Let d(h) = -6*g(h) + u(h). Calculate d(-1).
-21
Let h(c) = -c**3 - c**2 - c + 2. Suppose -4*o = 4*q, q = -0*o + 3*o + 8. Give h(o).
8
Let f(g) be the second derivative of 1/12*g**4 + 1/2*g**2 + 0 - 1/6*g**3 - 2*g. Determine f(1).
1
Let y(t) = -t**2 + 8*t + 8. Suppose 14*r - 8*r = 48. What is y(r)?
8
Suppose b - 15 = -3*c - b, -b - 3 = 0. Let u(k) be the first derivative of -k**3/3 + 7*k**2/2 - k - 76. What is u(c)?
-1
Let m(j) be the second derivative of -j**4/12 + 7*j**3/6 - 5*j**2/2 - j. Let r be 3*((-10)/6)/(-1). Suppose -10 = 3*c - r*c. What is m(c)?
5
Suppose 0 = 3*p + j - 5, -2*p - 3*j + 5*j - 2 = 0. Let f(d) = -d**2 - 2*d + 1. Give f(p).
-2
Let x(o) = 7*o**3 + o**2. Let k be x(-1). Suppose 4*i - 6 - 2 = 0. Let c(b) = 0 - 4*b**2 - 2 + b**i + 2*b**2 - 7*b. Determine c(k).
4
Let t(b) = -b**2 - 7*b + 7. Let d be (1 - 2) + -1 - 5/1. What is t(d)?
7
Let g(k) = 3*k**2 - 6*k + 5. Let z(c) = c**2 - c. Let j(r) = g(r) - 4*z(r). Let n be 3/1*(-10)/6. What is j(n)?
-10
Suppose -u = 1 - 2. Let d(w) be the first derivative of 3*w**2 - u - 2*w**2 - 3 + 3. Determine d(-2).
-4
Let n(b) = b - 2. Let p be 2 + -1 + -4 + 19. Suppose 4*k = 2*k + p. Suppose 3*m = -2 + k. Give n(m).
0
Let d be (8/6)/((-3)/9). Let i = -8 - d. Let l(c) = -3*c + 6. Let w(r) = -r. Let m(v) = l(v) - 4*w(v). What is m(i)?
2
Let m(g) = -g**3 - g**2 - 18. Let r be (-966)/(-231) + 2/(-11). Suppose 4*z + 20 = o, -3*o + 15 = -r*o - 3*z. Determine m(o).
-18
Let m = -2/673 - -721/16152. Let o(n) be the third derivative of -1/60*n**5 + 0*n - 1/60*n**6 + m*n**4 + 1/6*n**3 + 0 - 2*n**2. Give o(-1).
1
Let h(u) = u**3 - 5*u**2 + 5*u + 3. Let s = -18 + 31. Let x = s + -9. What is h(x)?
7
Let l(s) be the second derivative of 0 - 1/20*s**5 + 1/12*s**4 + s**2 - 7*s - 1/6*s**3. Determine l(2).
-4
Let i = -6 - -8. Let d(l) = -2*l**2 + l - 1. Let g(x) = x**3 + 7*x**2 - 3*x + 4. Let q(n) = 9*d(n) + 2*g(n). What is q(i)?
5
Let o(r) = -r - 1. Let j be o(-5). Let h(f) = 0*f + 2*f + j*f**2 - 5*f**2. Suppose 5 = 5*m - 10. Calculate h(m).
-3
Let k(n) = -2 + 3*n + 1 - 2*n**2 + n**2. Suppose f - 3 = -0. Suppose 0 = 3*j - 6*j + f. Give k(j).
1
Let u(n) = -2*n**2 - n + 2. Let f = 50 + -52. Calculate u(f).
-4
Let k(l) = -1 + 3*l**3 - l**3 + 3*l**2 + 3*l - 3*l**3. Determine k(3).
8
Let j(t) = 13*t**2 + 7*t - 3. Let y(d) = 4*d**2 + 2*d - 1. Let q(a) = 2*j(a) - 7*y(a). Let s(b) = b + 5. Let g be s(-4). Give q(g).
-1
Let v(d) = -d + 4. Let u be v(6). Let w be 0/(-2)*(-2)/u. Let f(t) = t - 1. Give f(w).
-1
Let l(m) = -7 + 12*m**2 - 6*m**2 - 5*m**2 + 7*m. Give l(-8).
1
Let b(z) = -2*z + 15 + 3*z - 17. What is b(-4)?
-6
Let g(m) = 4*m - 1. Let c(j) = -j - 4. Let f be c(-6). Suppose 4 = -f*n + 5*p, 0 = 3*p - 6 - 0. Suppose -y = n*s + 1, -3*s + 4 = -s + 3*y. Calculate g(s).
-5
Let i be ((-4)/6 - 0)*-6. Let s(k) = 1 + k + i*k - k. Let q be (-2 + 1 - 0)/1. Give s(q).
-3
Let d(w) = w - 3. Let i be 0 - -1 - (-4)/(-4). Suppose -3*l + 14 = 4*c, i*c - l = -2*c + 2. Let f be d(c). Let j(n) = 4*n - 1. Calculate j(f).
-5
Let y(p) = 3*p**3 + 9*p**2 - 4*p - 2. Let d be -2*4/((-24)/(-15)). Let r(c) = 4*c**3 + 10*c**2 - 5*c - 1. Let h(m) = d*y(m) + 4*r(m). Give h(5).
6
Let o(v) = -v**3 - 9*v**2 - 8*v + 5. Let z be o(-8). Let c = -4 + z. Let f(a) = -6*a**3 - 6*a**2 + 1 - a**2 + 2*a**2 + 3*a**2. Give f(c).
-7
Suppose 0 = -h + 4 - 1. Let v = -1 + h. Let d(a) = a + 2*a**2 + 0*a**v - 7*a**2 + 1 - a**3. Give d(-5).
-4
Let i(a) = -13*a + a + 10*a + 5*a + 3. Give i(-5).
-12
Let x(l) be the third derivative of -l**4/24 + l**3/2 + 5*l**2. Calculate x(6).
-3
Let s(l) = -l + 1. Let p = -3 + 1. Let z be s(p). Let x(t) = -t**3 + 3*t**2 + 4*t - 3. Give x(z).
9
Let i(c) be the first derivative of c**4/4 - 2*c**3 + 5*c**2/2 + 3*c + 2. Let u(m) = -m**3 - 6*m**2 - m - 2. Let l be u(-6). Give i(l).
-9
Let i(t) = -2*t - 3. Suppose 71 = 8*w + 39. What is i(w)?
-11
Let d(i) = 5*i**3 + 14*i**2 - i - 5. Let x(w) = -4*w**3 - 13*w**2 + 2*w + 4. Let o(j) = -5*d(j) - 6*x(j). Let q be o(7). Let t(a) = -a**3 + 1. Determine t(q).
0
Let b(l) = -l**3 - 6*l**2 + 2*l + 9. Let i be b(-6). Let j(o) = -1 - 1 + 1 - 2*o + 0*o. What is j(i)?
5
Let y(a) = a + 6. Suppose 2*g = g. Suppose 5*z + g*t - 2*t = -22, 5*z + 42 = -3*t. Determine y(z).
0
Let u(i) = -6*i + 4 + 0 - 5 + 3. What is u(2)?
-10
Let q(o) = -3*o**3 - 23*o**2 + 8*o - 6. Let b be q(-8). Let u(s) = s**2 + 5*s + 8. What is u(b)?
14
Suppose 0 = -5*o + 3*o. Let f = o + 1. Let b(j) = 7*j**3 - 6*j**2 + 6*j - 1. Let q(w) = -7*w**3 + 5*w**2 - 5*w + 1. Let r(x) = -3*b(x) - 4*q(x). Give r(f).
6
Let d(r) = 16*r - 1 - 14*r - 10. What is d(8)?
5
Let y = -1 + 4. Let n(i) = 5*i**2 - i - 1 + y*i**2 - i**2 - i. What is n(-1)?
8
Let r(n) = -n**2 + 9*n + 1. Let m be 0 + 1 - 14/(-2). Give r(m).
9
Let w(r) = r**2 - 7*r. Let o = -11 - -17. Calculate w(o).
-6
Let b(u) = u**3 + 4*u**2 + u + 5. Suppose -3*w + 2*c - 187 = 0, c = -3*w - 3*c - 211. Let g be (-20)/(-6)*78/w. Calculate b(g).
1
Let g(z) = 5*z**2 + 2*z - 1. Let l = 0 - 3. Let b be (0 + -2 - l)*1. Give g(b).
6
Let s(a) = 8*a. Let r = -5 + 10. Suppose -r*q + 3 = -2*q. Determine s(q).
8
Let c(x) be the second derivative of -1/6*x**3 - x**2 + 0 + 3*x. What is c(-4)?
2
Let r(q) = -q**3 - 6*q**2 + 8*q + 9. Let o be r(-7). Let f be o*(-4)/(-4) - 2. Let z(t) be the second derivative of -t**3/6 + t**2/2 - t. Calculate z(f).
1
Let o(z) be the second derivative of 0 - 3*z + 1/2*z**2 + 1/3*z**3. Calculate o(2).
5
Let v(t) = t**2 + t - 13. Let b be v(4). Let a(p) be the 